What is -2 (base 11) in base 10?
-2
-111 (base 3) to base 14
-d
156 (base 7) to base 3
10100
What is 4 (base 6) in base 8?
4
Convert 1 (base 9) to base 3.
1
-2 (base 10) to base 11
-2
-3 (base 11) to base 13
-3
322 (base 4) to base 6
134
3 (base 4) to base 2
11
-20 (base 4) to base 3
-22
What is -20 (base 3) in base 9?
-6
Convert 8 (base 14) to base 11.
8
2 (base 7) to base 9
2
Convert -1c (base 14) to base 16.
-1a
What is -101 (base 3) in base 14?
-a
Convert -12 (base 3) to base 10.
-5
What is -100000 (base 2) in base 11?
-2a
What is -1 (base 9) in base 16?
-1
Convert 1001 (base 6) to base 9.
261
What is 8 (base 11) in base 6?
12
What is 10001 (base 2) in base 7?
23
-80 (base 9) to base 12
-60
-1034 (base 5) to base 8
-220
Convert c (base 15) to base 10.
12
-11 (base 2) to base 9
-3
0 (base 6) to base 8
0
Convert -19 (base 12) to base 10.
-21
Convert -1404 (base 5) to base 9.
-274
101 (base 3) to base 2
1010
What is 8 (base 11) in base 6?
12
Convert -1 (base 15) to base 7.
-1
Convert -3 (base 14) to base 16.
-3
Convert -7 (base 9) to base 10.
-7
-2 (base 14) to base 13
-2
-2 (base 12) to base 8
-2
Convert -2 (base 4) to base 11.
-2
What is 20 (base 3) in base 2?
110
Convert -103 (base 4) to base 8.
-23
64 (base 8) to base 15
37
-11 (base 6) to base 14
-7
Convert 42 (base 6) to base 2.
11010
3 (base 4) to base 9
3
1010011 (base 2) to base 13
65
Convert -33 (base 12) to base 5.
-124
-10 (base 2) to base 4
-2
Convert 41 (base 6) to base 16.
19
30 (base 5) to base 12
13
Convert -1011 (base 3) to base 10.
-31
What is 11 (base 6) in base 16?
7
Convert -10 (base 12) to base 8.
-14
10b (base 16) to base 12
1a3
-5 (base 15) to base 7
-5
Convert -1040 (base 5) to base 15.
-9a
Convert -100 (base 2) to base 4.
-10
Convert -2 (base 14) to base 13.
-2
82 (base 13) to base 16
6a
2 (base 3) to base 2
10
-11 (base 4) to base 6
-5
What is 83 (base 13) in base 2?
1101011
Convert -27 (base 14) to base 13.
-29
What is -9 (base 14) in base 5?
-14
Convert 323 (base 4) to base 11.
54
What is -87 (base 13) in base 12?
-93
-58 (base 14) to base 9
-86
Convert -202 (base 5) to base 4.
-310
What is 8 (base 15) in base 2?
1000
1111000 (base 2) to base 11
aa
-2 (base 11) to base 15
-2
What is 37 (base 8) in base 15?
21
Convert -34 (base 14) to base 4.
-232
What is -42 (base 13) in base 11?
-4a
Convert -a0 (base 15) to base 7.
-303
10 (base 5) to base 11
5
Convert -2021 (base 5) to base 6.
-1113
540 (base 6) to base 10
204
What is d6 (base 15) in base 12?
149
-21202 (base 3) to base 4
-3101
Convert -7 (base 9) to base 3.
-21
What is -33 (base 5) in base 11?
-17
Convert -5 (base 13) to base 6.
-5
What is -19 (base 15) in base 4?
-120
0 (base 3) to base 10
0
1a (base 13) to base 8
27
-2 (base 15) to base 7
-2
Convert 4 (base 12) to base 8.
4
Convert -232 (base 4) to base 11.
-42
Convert -10 (base 2) to base 9.
-2
Convert 0 (base 4) to base 3.
0
302 (base 7) to base 3
12112
What is 1 (base 6) in base 4?
1
Convert 55 (base 15) to base 5.
310
Convert 2b (base 13) to base 11.
34
Convert 1 (base 7) to base 2.
1
31 (base 12) to base 15
27
8 (base 9) to base 5
13
Convert -1 (base 4) to base 5.
-1
Convert a (base 15) to base 16.
a
-141 (base 5) to base 14
-34
Convert -5 (base 8) to base 7.
-5
320 (base 6) to base 5
440
Convert 254 (base 8) to base 5.
1142
-12 (base 7) to base 13
-9
-64 (base 8) to base 6
-124
Convert -3 (base 12) to base 5.
-3
What is -46 (base 13) in base 8?
-72
8 (base 16) to base 11
8
2 (base 12) to base 14
2
-34 (base 14) to base 4
-232
-27 (base 16) to base 6
-103
What is -11 (base 3) in base 6?
-4
What is -14 (base 5) in base 9?
-10
Convert 10 (base 3) to base 6.
3
-10 (base 2) to base 6
-2
What is 13 (base 5) in base 7?
11
Convert 3 (base 8) to base 4.
3
What is 20 (base 8) in base 13?
13
Convert 0 (base 8) to base 4.
0
Convert 2 (base 8) to base 9.
2
What is 9 (base 16) in base 15?
9
-1 (base 10) to base 3
-1
Convert -101011000 (base 2) to base 9.
-422
What is 1 (base 11) in base 10?
1
-17 (base 13) to base 10
-20
What is -8 (base 14) in base 9?
-8
1e (base 15) to base 8
35
-4 (base 7) to base 12
-4
2 (base 5) to base 7
2
What is -200 (base 6) in base 3?
-2200
What is -112 (base 8) in base 2?
-1001010
-4c (base 13) to base 11
-59
What is -a (base 14) in base 6?
-14
5 (base 12) to base 7
5
What is d0 (base 14) in base 7?
350
What is -134 (base 7) in base 15?
-4e
-8d (base 15) to base 3
-11221
11 (base 2) to base 11
3
0 (base 5) to base 12
0
Convert 0 (base 16) to base 2.
0
What is 26 (base 12) in base 11?
28
Convert -226 (base 8) to base 15.
-a0
What is 5 (base 15) in base 11?
5
Convert -11001111 (base 2) to base 16.
-cf
13 (base 7) to base 5
20
6 (base 14) to base 9
6
Convert 420 (base 8) to base 13.
17c
What is 12 (base 4) in base 5?
11
Convert -100 (base 2) to base 13.
-4
What is -1 (base 7) in base 16?
-1
-142 (base 9) to base 6
-315
What is -11 (base 5) in base 14?
-6
Convert -210 (base 4) to base 13.
-2a
Convert -12 (base 7) to base 6.
-13
What is -2 (base 9) in base 5?
-2
What is 2 (base 6) in base 9?
2
What is 12 (base 10) in base 7?
15
What is 1 (base 3) in base 14?
1
-6 (base 16) to base 13
-6
1010 (base 2) to base 11
a
14 (base 10) to base 13
11
What is 2 (base 12) in base 4?
2
Convert 514 (base 6) to base 15.
ca
-15 (base 15) to base 12
-18
Convert -12 (base 12) to base 3.
-112
56 (base 13) to base 8
107
What is -19 (base 14) in base 8?
-27
58 (base 15) to base 3
10002
Convert 5 (base 12) to base 16.
5
4 (base 5) to base 12
4
What is 0 (base 4) in base 10?
0
What is 155 (base 8) in base 5?
414
What is 11 (base 9) in base 11?
a
Convert 3 (base 9) to base 7.
3
Convert -100 (base 2) to base 6.
-4
What is 1 (base 9) in base 7?
1
What is -50 (base 8) in base 15?
-2a
10 (base 10) to base 3
101
Convert -9 (base 13) to base 3.
-100
What is 0 (base 4) in base 2?
0
-111 (base 2) to base 16
-7
Convert 223 (base 4) to base 7.
61
Convert -6 (base 7) to base 9.
-6
What is -2 (base 5) in base 12?
-2
Convert -235 (base 7) to base 12.
-a4
Convert 85 (base 10) to base 8.
125
Convert -5c (base 13) to base 5.
-302
What is -3 (base 8) in base 6?
-3
Convert 6 (base 16) to base 3.
20
-6 (base 7) to base 4
-12
Convert -3 (base 15) to base 8.
-3
-13 (base 5) to base 4
-20
What is 100 (base 4) in base 6?
24
-306 (base 7) to base 4
-2121
Convert 50 (base 11) to base 14.
3d
What is 10 (base 7) in base 14?
7
Convert 10001 (base 2) to base 14.
13
0 (base 12) to base 14
0
What is -1 (base 3) in base 9?
-1
22 (base 4) to base 6
14
Convert 49 (base 10) to base 8.
61
-111 (base 2) to base 13
-7
-151 (base 6) to base 5
-232
2 (base 10) to base 3
2
102 (base 4) to base 6
30
What is -1 (base 10) in base 16?
-1
-3 (base 8) to base 4
-3
What is -79 (base 12) in base 11?
-85
-38 (base 11) to base 13
-32
Convert -2 (base 11) to base 5.
-2
What is -5 (base 11) in base 9?
-5
What is -410 (base 5) in base 3?
-10220
What is 100 (base 2) in base 15?
4
What is 14 (base 8) in base 5?
22
-1f (base 16) to base 10
-31
3 (base 13) to base 12
3
Convert 0 (base 11) to base 14.
0
What is -5 (base 12) in base 14?
-5
-2 (base 14) to base 16
-2
Convert -1 (base 9) to base 14.
-1
-4 (base 14) to base 16
-4
What is 1 (base 7) in base 12?
1
Convert 2 (base 5) to base 15.
2
What is -1 (base 15) in base 5?
-1
Convert 5 (base 9) to base 2.
101
What is -3 (base 5) in base 3?
-10
4 (base 11) to base 15
4
Convert -156 (base 8) to base 7.
-215
Convert -47 (base 12) to base 5.
-210
Convert -112 (base 4) to base 11.
-20
2 (base 5) to base 8
2
2a (base 13) to base 7
51
Convert -7 (base 9) to base 6.
-11
0 (base 10) to base 9
0
Convert 4 (base 7) to base 11.
4
Convert 0 (base 13) to base 12.
0
Convert 22 (base 8) to base 15.
13
Convert a (base 12) to base 14.
a
Convert c (base 13) to base 12.
10
What is 31 (base 10) in base 3?
1011
What is -1 (base 16) in base 10?
-1
What is -1212 (base 3) in base 11?
-46
Convert 21 (base 8) to base 14.
13
Convert 312 (base 7) to base 16.
9c
Convert 100 (base 2) to base 14.
4
Convert -2 (base 4) to base 12.
-2
What is -29 (base 13) in base 15?
-25
-4 (base 6) to base 15
-4
102 (base 3) to base 2
1011
Convert 6 (base 7) to base 8.
6
What is 2 (base 3) in base 15?
2
What is 2 (base 11) in base 12?
2
Convert 1100 (base 2) to base 12.
10
What is 1 (base 16) in base 5?
1
-10000 (base 2